{"id":30697,"date":"2016-05-26T10:42:12","date_gmt":"2016-05-26T09:42:12","guid":{"rendered":"https:\/\/www.tecnomagazine.it\/tech\/?page_id=30697"},"modified":"2023-09-07T15:11:40","modified_gmt":"2023-09-07T14:11:40","slug":"chi-siamo","status":"publish","type":"page","link":"https:\/\/www.tecnomagazine.it\/tech\/chi-siamo\/","title":{"rendered":"Chi siamo"},"content":{"rendered":"<div class=\"4032636bd480207a9641f06a0353772e\" data-index=\"1\" style=\"float: none; margin:10px 0 10px 0; text-align:center;\">\n<!--COOKIE_POLICY_BEGIN-->\r\n<script async src=\"\/\/pagead2.googlesyndication.com\/pagead\/js\/adsbygoogle.js\"><\/script>\r\n<!-- Tecnomagine Grande -->\r\n<ins class=\"adsbygoogle\"\r\n     style=\"display:block\"\r\n     data-ad-client=\"ca-pub-4884298544160548\"\r\n     data-ad-slot=\"6528327022\"\r\n     data-ad-format=\"auto\"><\/ins>\r\n<script>\r\n(adsbygoogle = window.adsbygoogle || []).push({});\r\n<\/script>\r\n<!--COOKIE_POLICY_END-->\n<\/div>\n<p>TecnoMagazine.it \u00e8 stato registrato nel 2006, con lo scopo di raccogliere e fornire notizie ed informazione sul mondo dei dispositivi tecnologici.<\/p>\n<p>TecnoMagazine \u00e8 stato registrato da IMEVOLUTION SRL che ha deciso di colmare un gap informativo sul mondo delle tecnologie digitali per l&#8217;acquisizione delle immagini e della voce.<\/p>\n<p>Lo scopo principale di TecnoMagazine \u00e8 quello di fornire al visitatore strumenti utili per scegliere una fotocamera, un pc portatile, etc.. e per capire quale potrebbe meglio adattarsi alla proprie esigenze. Sul sito tecnomagazine.it troverete recensioni e e schede tecniche di molti prodotti tecnologici.<\/p>\n<p>I prodotti presenti sono divisi per Marca, in modo da rendervi la ricerca pi\u00f9 facile, troverete anche una ricerca avanzata per caratteristiche per poter scegliere il prodotto pi\u00f9 adatto. Sono presenti prodotti nuovi o che ancora devono essere lanciati sul mercato, oppure gi\u00e0 fuori produzione ma che rimangono ancora utile strumento di paragone con i modelli nuovi.<\/p>\n\n<div style=\"font-size: 0px; height: 0px; line-height: 0px; margin: 0; padding: 0; clear: both;\"><\/div>","protected":false},"excerpt":{"rendered":"<p>TecnoMagazine.it \u00e8 stato registrato nel 2006, con lo scopo di<\/p>\n","protected":false},"author":6,"featured_media":0,"parent":0,"menu_order":0,"comment_status":"closed","ping_status":"closed","template":"","meta":{"footnotes":""},"class_list":["post-30697","page","type-page","status-publish","hentry"],"yoast_head":"<!-- This site is optimized with the Yoast SEO plugin v27.3 - https:\/\/yoast.com\/product\/yoast-seo-wordpress\/ -->\n<title>Chi siamo<\/title>\n<meta name=\"description\" content=\"TecnoMagazine.it \u00e8 stato registrato nel 2006, con lo scopo di raccogliere e fornire notizie ed informazione sul mondo dei dispositivi tecnologici.\" \/>\n<meta name=\"robots\" content=\"index, follow, max-snippet:-1, max-image-preview:large, max-video-preview:-1\" \/>\n<link rel=\"canonical\" href=\"https:\/\/www.tecnomagazine.it\/tech\/chi-siamo\/\" \/>\n<meta property=\"og:locale\" content=\"it_IT\" \/>\n<meta property=\"og:type\" content=\"article\" \/>\n<meta property=\"og:title\" content=\"Chi siamo\" \/>\n<meta property=\"og:description\" content=\"TecnoMagazine.it \u00e8 stato registrato nel 2006, con lo scopo di raccogliere e fornire notizie ed informazione sul mondo dei dispositivi tecnologici.\" \/>\n<meta property=\"og:url\" content=\"https:\/\/www.tecnomagazine.it\/tech\/chi-siamo\/\" \/>\n<meta property=\"og:site_name\" content=\"TecnoMagazine\" \/>\n<meta property=\"article:modified_time\" content=\"2023-09-07T14:11:40+00:00\" \/>\n<meta name=\"twitter:card\" content=\"summary_large_image\" \/>\n<meta name=\"twitter:site\" content=\"@tecnomagazineit\" \/>\n<meta name=\"twitter:label1\" content=\"Tempo di lettura stimato\" \/>\n\t<meta name=\"twitter:data1\" content=\"1 minuto\" \/>\n<script type=\"application\/ld+json\" class=\"yoast-schema-graph\">{\"@context\":\"https:\\\/\\\/schema.org\",\"@graph\":[{\"@type\":\"WebPage\",\"@id\":\"https:\\\/\\\/www.tecnomagazine.it\\\/tech\\\/chi-siamo\\\/\",\"url\":\"https:\\\/\\\/www.tecnomagazine.it\\\/tech\\\/chi-siamo\\\/\",\"name\":\"Chi siamo\",\"isPartOf\":{\"@id\":\"https:\\\/\\\/www.tecnomagazine.it\\\/tech\\\/#website\"},\"datePublished\":\"2016-05-26T09:42:12+00:00\",\"dateModified\":\"2023-09-07T14:11:40+00:00\",\"description\":\"TecnoMagazine.it \u00e8 stato registrato nel 2006, con lo scopo di raccogliere e fornire notizie ed informazione sul mondo dei dispositivi tecnologici.\",\"breadcrumb\":{\"@id\":\"https:\\\/\\\/www.tecnomagazine.it\\\/tech\\\/chi-siamo\\\/#breadcrumb\"},\"inLanguage\":\"it-IT\",\"potentialAction\":[{\"@type\":\"ReadAction\",\"target\":[\"https:\\\/\\\/www.tecnomagazine.it\\\/tech\\\/chi-siamo\\\/\"]}]},{\"@type\":\"BreadcrumbList\",\"@id\":\"https:\\\/\\\/www.tecnomagazine.it\\\/tech\\\/chi-siamo\\\/#breadcrumb\",\"itemListElement\":[{\"@type\":\"ListItem\",\"position\":1,\"name\":\"Home\",\"item\":\"https:\\\/\\\/www.tecnomagazine.it\\\/tech\\\/\"},{\"@type\":\"ListItem\",\"position\":2,\"name\":\"Chi siamo\"}]},{\"@type\":\"WebSite\",\"@id\":\"https:\\\/\\\/www.tecnomagazine.it\\\/tech\\\/#website\",\"url\":\"https:\\\/\\\/www.tecnomagazine.it\\\/tech\\\/\",\"name\":\"TecnoMagazine\",\"description\":\"Approfondimenti, Tendenze e Innovazioni nel Vasto Universo dell&#039;Informatica e della Tecnologia\",\"potentialAction\":[{\"@type\":\"SearchAction\",\"target\":{\"@type\":\"EntryPoint\",\"urlTemplate\":\"https:\\\/\\\/www.tecnomagazine.it\\\/tech\\\/?s={search_term_string}\"},\"query-input\":{\"@type\":\"PropertyValueSpecification\",\"valueRequired\":true,\"valueName\":\"search_term_string\"}}],\"inLanguage\":\"it-IT\"}]}<\/script>\n<!-- \/ Yoast SEO plugin. -->","yoast_head_json":{"title":"Chi siamo","description":"TecnoMagazine.it \u00e8 stato registrato nel 2006, con lo scopo di raccogliere e fornire notizie ed informazione sul mondo dei dispositivi tecnologici.","robots":{"index":"index","follow":"follow","max-snippet":"max-snippet:-1","max-image-preview":"max-image-preview:large","max-video-preview":"max-video-preview:-1"},"canonical":"https:\/\/www.tecnomagazine.it\/tech\/chi-siamo\/","og_locale":"it_IT","og_type":"article","og_title":"Chi siamo","og_description":"TecnoMagazine.it \u00e8 stato registrato nel 2006, con lo scopo di raccogliere e fornire notizie ed informazione sul mondo dei dispositivi tecnologici.","og_url":"https:\/\/www.tecnomagazine.it\/tech\/chi-siamo\/","og_site_name":"TecnoMagazine","article_modified_time":"2023-09-07T14:11:40+00:00","twitter_card":"summary_large_image","twitter_site":"@tecnomagazineit","twitter_misc":{"Tempo di lettura stimato":"1 minuto"},"schema":{"@context":"https:\/\/schema.org","@graph":[{"@type":"WebPage","@id":"https:\/\/www.tecnomagazine.it\/tech\/chi-siamo\/","url":"https:\/\/www.tecnomagazine.it\/tech\/chi-siamo\/","name":"Chi siamo","isPartOf":{"@id":"https:\/\/www.tecnomagazine.it\/tech\/#website"},"datePublished":"2016-05-26T09:42:12+00:00","dateModified":"2023-09-07T14:11:40+00:00","description":"TecnoMagazine.it \u00e8 stato registrato nel 2006, con lo scopo di raccogliere e fornire notizie ed informazione sul mondo dei dispositivi tecnologici.","breadcrumb":{"@id":"https:\/\/www.tecnomagazine.it\/tech\/chi-siamo\/#breadcrumb"},"inLanguage":"it-IT","potentialAction":[{"@type":"ReadAction","target":["https:\/\/www.tecnomagazine.it\/tech\/chi-siamo\/"]}]},{"@type":"BreadcrumbList","@id":"https:\/\/www.tecnomagazine.it\/tech\/chi-siamo\/#breadcrumb","itemListElement":[{"@type":"ListItem","position":1,"name":"Home","item":"https:\/\/www.tecnomagazine.it\/tech\/"},{"@type":"ListItem","position":2,"name":"Chi siamo"}]},{"@type":"WebSite","@id":"https:\/\/www.tecnomagazine.it\/tech\/#website","url":"https:\/\/www.tecnomagazine.it\/tech\/","name":"TecnoMagazine","description":"Approfondimenti, Tendenze e Innovazioni nel Vasto Universo dell&#039;Informatica e della Tecnologia","potentialAction":[{"@type":"SearchAction","target":{"@type":"EntryPoint","urlTemplate":"https:\/\/www.tecnomagazine.it\/tech\/?s={search_term_string}"},"query-input":{"@type":"PropertyValueSpecification","valueRequired":true,"valueName":"search_term_string"}}],"inLanguage":"it-IT"}]}},"_links":{"self":[{"href":"https:\/\/www.tecnomagazine.it\/tech\/wp-json\/wp\/v2\/pages\/30697","targetHints":{"allow":["GET"]}}],"collection":[{"href":"https:\/\/www.tecnomagazine.it\/tech\/wp-json\/wp\/v2\/pages"}],"about":[{"href":"https:\/\/www.tecnomagazine.it\/tech\/wp-json\/wp\/v2\/types\/page"}],"author":[{"embeddable":true,"href":"https:\/\/www.tecnomagazine.it\/tech\/wp-json\/wp\/v2\/users\/6"}],"replies":[{"embeddable":true,"href":"https:\/\/www.tecnomagazine.it\/tech\/wp-json\/wp\/v2\/comments?post=30697"}],"version-history":[{"count":0,"href":"https:\/\/www.tecnomagazine.it\/tech\/wp-json\/wp\/v2\/pages\/30697\/revisions"}],"wp:attachment":[{"href":"https:\/\/www.tecnomagazine.it\/tech\/wp-json\/wp\/v2\/media?parent=30697"}],"curies":[{"name":"wp","href":"https:\/\/api.w.org\/{rel}","templated":true}]}}